 2, what is 10000 + 101011011001?
101011101001
In base 10, what is 9807 - -21?
9828
In base 2, what is -10 - 111111001011101?
-111111001011111
In base 13, what is 1701 + -a?
16c4
In base 13, what is -6c + -530?
-59c
In base 10, what is 85958 - 5?
85953
In base 8, what is 1 + 51210?
51211
In base 12, what is 391 - -84?
455
In base 11, what is -6 - 6082?
-6088
In base 16, what is 42 - -b30?
b72
In base 11, what is 1304 + -83?
1231
In base 13, what is -7130 - -5?
-7128
In base 9, what is -2 + 86303?
86301
In base 10, what is 58 - -5197?
5255
In base 14, what is 3 + 8cb?
8d0
In base 6, what is 15 - -120415?
120434
In base 2, what is -10010000100111 - -1000010?
-10001111100101
In base 5, what is -2220340 + -12?
-2220402
In base 8, what is -2447012 + -2?
-2447014
In base 5, what is 4 + 42430420?
42430424
In base 7, what is 1430 + 3205?
4635
In base 5, what is 3010 - 1040?
1420
In base 9, what is 0 - 3101?
-3101
In base 9, what is -5 - -173571?
173565
In base 15, what is -15b8 + 4?
-15b4
In base 6, what is 1 - -313142?
313143
In base 12, what is 1 - 114941?
-114940
In base 16, what is 2 - 15d97?
-15d95
In base 14, what is -1328 + 4ab?
-c5b
In base 13, what is 132a60 + -1?
132a5c
In base 14, what is -395 - 25?
-3ba
In base 15, what is eeb + 7e?
107a
In base 5, what is -3 + -403204?
-403212
In base 13, what is -1 - 8cb29?
-8cb2a
In base 12, what is -b31 + -10?
-b41
In base 14, what is -12 - -1d465?
1d453
In base 14, what is 3 + 13951?
13954
In base 5, what is -3 - -20340122?
20340114
In base 2, what is 11000001010 + 11000?
11000100010
In base 11, what is -14 + 35998?
35984
In base 13, what is 38 + -c31?
-bc6
In base 3, what is 10 - 210012212222?
-210012212212
In base 13, what is -c52 + -29?
-c7b
In base 16, what is -74f23 + -3?
-74f26
In base 8, what is 2 - -60550?
60552
In base 3, what is 121112 - 100010121?
-22112002
In base 11, what is a97 + -893?
204
In base 4, what is 1222 - -2312132?
2320020
In base 6, what is -201 - 100524?
-101125
In base 13, what is -c90a9 - 4?
-c90b0
In base 16, what is -1 - -981d?
981c
In base 9, what is 1 - 6681?
-6680
In base 2, what is 101110 + 11001111?
11111101
In base 7, what is -331 + 60325?
56664
In base 14, what is 279a1 + -10?
27991
In base 4, what is 12 - -2032001?
2032013
In base 11, what is 72a - -4a1?
1120
In base 15, what is 96e1 + 1c?
970d
In base 16, what is -438eb - -1?
-438ea
In base 14, what is 8 - -790?
798
In base 3, what is -1202 + 1112120210?
1112112001
In base 16, what is 773e5 + -3?
773e2
In base 4, what is -23202 + 211?
-22331
In base 3, what is 1 + 201100222?
201101000
In base 9, what is 112402 - 2?
112400
In base 8, what is 776 + 455?
1453
In base 7, what is 156156 + -12?
156144
In base 7, what is 42 - 455654?
-455612
In base 7, what is -3 + 123546?
123543
In base 11, what is -aaaa8 + -4?
-100001
In base 3, what is -1122010 - -201?
-1121102
In base 4, what is -213 - -111011?
110132
In base 11, what is 1490 - -47?
1527
In base 13, what is 214 - 823?
-60c
In base 11, what is -4930 + -4?
-4934
In base 3, what is -2122 - -10122?
1000
In base 3, what is 201000010 - 1100?
200221210
In base 14, what is 2515b4 - 5?
2515ad
In base 13, what is -5 - -99c7?
99c2
In base 7, what is 34445 + 12?
34460
In base 9, what is -1185246 - 1?
-1185247
In base 14, what is 62 + -17c?
-11a
In base 15, what is 72 - -a6?
128
In base 12, what is 10b07 - -7?
10b12
In base 16, what is -13 - -61d?
60a
In base 12, what is -aa1bb + -2?
-aa201
In base 16, what is -1adb3 - -1?
-1adb2
In base 14, what is 237 + -48?
1cd
In base 2, what is 1010011011000100000 + 0?
1010011011000100000
In base 9, what is -164 + 4208?
4034
In base 12, what is -17ba - 253?
-1a51
In base 12, what is 84 + -2a95?
-2a11
In base 9, what is -1788457 + 5?
-1788452
In base 6, what is 1444 - 1151?
253
In base 10, what is 6565 - 6?
6559
In base 2, what is -1100010010100001100000 - -100?
-1100010010100001011100
In base 12, what is -1990 + 1?
-198b
In base 8, what is -603 - -175?
-406
In base 4, what is 2 - 1021123102?
-1021123100
In base 8, what is 7 + 17256?
17265
In base 10, what is 2 - 271638?
-271636
In base 5, what is 2242322 + -3?
2242314
In base 5, what is -324 + 11314?
10440
In base 13, what is b57c - 1?
b57b
In base 8, what is -2543673 - 1?
-2543674
In base 5, what is 1034 - 1320?
-231
In base 11, what is -a71 + 42?
-a2a
In base 2, what is 110001011101 - -10000?
110001101101
In base 6, what is -10403354 - 4?
-10403402
In base 2, what is -1000110 + -100000010101111?
-100000011110101
In base 9, what is 640833 + -1?
640832
In base 6, what is -253 - 2505?
-3202
In base 4, what is -2 + 210222031?
210222023
In base 9, what is 40607 + -27?
40570
In base 5, what is -123 - 411100?
-411223
In base 3, what is -12220201 + 11112?
-12202012
In base 2, what is 10001101010 + 101?
10001101111
In base 4, what is 301011 + 301?
301312
In base 13, what is 1 + 74b?
74c
In base 11, what is 18523 - -5?
18528
In base 4, what is -20231 - 3221?
-30112
In base 3, what is -112220 + -101122?
-221112
In base 11, what is -1a6235 - 3?
-1a6238
In base 11, what is -2 - -8660?
8659
In base 7, what is -2 + -50214?
-50216
In base 11, what is 1033 + -2?
1031
In base 12, what is 48a6 - 24?
4882
In base 3, what is 22211000 - 120?
22210110
In base 6, what is 225500 - -104?
230004
In base 4, what is 11 + 113000100?
113000111
In base 7, what is 56 + 12124?
12213
In base 4, what is 3110002 + 1?
3110003
In base 16, what is d7 + 3f4?
4cb
In base 9, what is 3435 + -264?
3161
In base 6, what is -201421 + 2?
-201415
In base 2, what is -1001101101110100000 - 100?
-1001101101110100100
In base 5, what is 2112 - 341?
1221
In base 5, what is 2203 + 40?
2243
In base 15, what is 188 - -2b?
1b4
In base 12, what is 5 + 1b812?
1b817
In base 7, what is -5 - 664142?
-664150
In base 10, what is -9 - 11054?
-11063
In base 10, what is 66041 - -77?
66118
In base 15, what is -5602a - 5?
-56030
In base 2, what is -101 + 10101011101101100?
10101011101100111
In base 3, what is 12 - 200000121120?
-200000121101
In base 2, what is 110111111 + 10011011?
1001011010
In base 16, what is -119264 + 5?
-11925f
In base 2, what is 111000010111001010010 + 1?
111000010111001010011
In base 12, what is 12925 + -5?
12920
In base 15, what is 63 + 1ab?
21e
In base 6, what is 11230303 + 4?
11230311
In base 4, what is 30212 + -1020?
23132
In base 2, what is 1010010111110 + -111100100?
1001011011010
In base 14, what is 36 + -c4?
-8c
In base 2, what is 1100101 - 101111?
110110
In base 15, what is -1 - 3345?
-3346
In base 2, what is 0 - 1001000011011010101?
-1001000011011010101
In base 4, what is 233 + -3220012?
-3213113
In base 7, what is -1623006 - -2?
-1623004
In base 13, what is -360 - -1?
-35c
In base 2, what is -11001 + 110011100?
110000011
In base 6, what is -35503202 - 5?
-35503211
In base 16, what is 1055 + 5?
105a
In base 16, what is -c + -2cd?
-2d9
In base 5, what is 24 + -22342?
-22313
In base 8, what is -13 + 104311?
104276
In base 13, what is 2cc + 21?
320
In base 12, what is b6 + -3881?
-3787
In base 3, what is 2 - 12221011020?
-12221011011
In base 10, what is -3 + -1351887?
-1351890
In base 7, what is 1 + 61603?
61604
In base 13, what is 664 - 3b?
626
In base 12, what is 3 - -958b9?
95900
In base 7, what is -14522 - -266?
-14223
In base 9, what is -204 + -202?
-406
In base 13, what is 1311 - -b8?
13c9
In base 6, what is 230 - 33024?
-32354
In base 6, what is 4 - 4223521?
-4223513
In base 11, what is -8311 - -22?
-829a
In base 3, what is 222000111202 + -20?
222000111112
In base 5, what is 13120 + 24?
13144
In base 9, what is 0 - -215231?
215231
In base 11, what is 115 + -84?
41
In base 5, what is -2140310 + 21?
-2140234
In base 7, what is -210256 + 3?
-210253
In base 11, what is 10857 - -7?
10863
In base 16, what is -97a3a - -2?
-97a38
In base 10, what is 2779765 + -1?
2779764
In base 6, what is -2445 - -115?
-2330
In base 4, what is -23 + -3221230?
-3221313
In base 13, what is -21 - 24878?
-24899
In base 12, what is 402b - -4?
4033
In base 5, what is -2 + -320034122?
-320034124
In base 7, what is -244212 - 1?
-244213
In base 11, what is 11 + 18071?
18082
In base 6, what is 11053 + 1?
11054
In base 12, what is 42 + -1302?
-1280
In base 8, what is 124647 - -2?
124651
In base 16, what is -7710f - -3?
-7710c
In base 5, what is -41334